{"version":"1.0","provider_name":"Proes,","provider_url":"https:\/\/www.proes.es\/en","author_name":"Isabel.Caruana","author_url":"https:\/\/www.proes.es\/en\/author\/isabel-caruana\/","title":"Cubierta del Palau Blau Grana - Proes","type":"rich","width":600,"height":338,"html":"<blockquote class=\"wp-embedded-content\" data-secret=\"dVIO5SXWny\"><a href=\"https:\/\/www.proes.es\/en\/cubierta-del-palau-blau-grana\/\">Roof of Palau Blau Grana<\/a><\/blockquote><iframe sandbox=\"allow-scripts\" security=\"restricted\" src=\"https:\/\/www.proes.es\/en\/cubierta-del-palau-blau-grana\/embed\/#?secret=dVIO5SXWny\" width=\"600\" height=\"338\" title=\"&#8220;Cubierta del Palau Blau Grana&#8221; &#8212; Proes\" data-secret=\"dVIO5SXWny\" frameborder=\"0\" marginwidth=\"0\" marginheight=\"0\" scrolling=\"no\" class=\"wp-embedded-content\"><\/iframe><script>\n\/*! This file is auto-generated *\/\n!function(d,l){\"use strict\";l.querySelector&&d.addEventListener&&\"undefined\"!=typeof URL&&(d.wp=d.wp||{},d.wp.receiveEmbedMessage||(d.wp.receiveEmbedMessage=function(e){var t=e.data;if((t||t.secret||t.message||t.value)&&!\/[^a-zA-Z0-9]\/.test(t.secret)){for(var s,r,n,a=l.querySelectorAll('iframe[data-secret=\"'+t.secret+'\"]'),o=l.querySelectorAll('blockquote[data-secret=\"'+t.secret+'\"]'),c=new RegExp(\"^https?:$\",\"i\"),i=0;i<o.length;i++)o[i].style.display=\"none\";for(i=0;i<a.length;i++)s=a[i],e.source===s.contentWindow&&(s.removeAttribute(\"style\"),\"height\"===t.message?(1e3<(r=parseInt(t.value,10))?r=1e3:~~r<200&&(r=200),s.height=r):\"link\"===t.message&&(r=new URL(s.getAttribute(\"src\")),n=new URL(t.value),c.test(n.protocol))&&n.host===r.host&&l.activeElement===s&&(d.top.location.href=t.value))}},d.addEventListener(\"message\",d.wp.receiveEmbedMessage,!1),l.addEventListener(\"DOMContentLoaded\",function(){for(var e,t,s=l.querySelectorAll(\"iframe.wp-embedded-content\"),r=0;r<s.length;r++)(t=(e=s[r]).getAttribute(\"data-secret\"))||(t=Math.random().toString(36).substring(2,12),e.src+=\"#?secret=\"+t,e.setAttribute(\"data-secret\",t)),e.contentWindow.postMessage({message:\"ready\",secret:t},\"*\")},!1)))}(window,document);\n\/\/# sourceURL=https:\/\/www.proes.es\/wp-includes\/js\/wp-embed.min.js\n<\/script>","thumbnail_url":"https:\/\/www.proes.es\/wp-content\/uploads\/2023\/07\/Palau-Blau-Grana.png","thumbnail_width":1000,"thumbnail_height":453,"description":"3 cm de espesor de la c\u00fapula 5.696 espectadores (capacidad original) El pabell\u00f3n para el Palau Blau Grana, con capacidad para 6.000 espectadores, necesitaba una cubierta de 5.000 m\u00b2 de superficie. La distribuci\u00f3n arquitect\u00f3nica en planta, con forma de oct\u00f3gono, precisaba de una estructura, obligaba al apoyo de la misma en 8 puntos. La estructura [&hellip;]"}

3 cm de espesor de la cúpula 5.696 espectadores (capacidad original) El pabellón para el Palau Blau Grana, con capacidad para 6.000 espectadores, necesitaba una cubierta de 5.000 m² de superficie. La distribución arquitectónica en planta, con forma de octógono, precisaba de una estructura, obligaba al apoyo de la misma en 8 puntos. La estructura [&hellip;]
